{"id":776,"date":"2024-12-16T00:35:44","date_gmt":"2024-12-16T00:35:44","guid":{"rendered":"https:\/\/blog.electronicacidea.com.mxhome-2\/"},"modified":"2025-06-19T15:14:46","modified_gmt":"2025-06-19T15:14:46","slug":"inicio","status":"publish","type":"page","link":"https:\/\/blog.electronicacidea.com.mx\/blog\/","title":{"rendered":"Inicio"},"content":{"rendered":"\n<div class=\"wp-block-uagb-container uagb-block-2eb1f6cd alignfull uagb-is-root-container\"><div class=\"uagb-container-inner-blocks-wrap\">\n<div class=\"wp-block-uagb-container uagb-block-82b6b808\">\n<div class=\"wp-block-uagb-info-box uagb-block-8d97c469 uagb-infobox__content-wrap  uagb-infobox-icon-above-title uagb-infobox-image-valign-top wp-block-uagb-info-box--has-margin\"><div class=\"uagb-infobox-margin-wrapper\"><div class=\"uagb-ifb-content\"><div class=\"uagb-ifb-title-wrap\"><p class=\"uagb-ifb-title-prefix\">Innovaci\u00f3n a tu alcance<\/p><h1 class=\"uagb-ifb-title\">Blog De Electr\u00f3nica Cidea<\/h1><\/div><p class=\"uagb-ifb-desc\">Descubre las \u00faltimas innovaciones en tecnolog\u00eda adem\u00e1s de recibir consejos o tutoriales y en nuestra tienda online tenemos todo para tus proyectos.<\/p><div class=\"uagb-ifb-button-wrapper wp-block-button\"><a href=\"#\" class=\"uagb-infobox-cta-link wp-block-button__link\" target=\"_self\" rel=\"noopener noreferrer\" onclick=\"return false;\"><span class=\"uagb-inline-editing\">Conoce m\u00e1s<\/span><\/a><\/div><\/div><\/div><\/div>\n\n\n\n<div class=\"wp-block-uagb-image uagb-block-e06c9f8b wp-block-uagb-image--layout-default wp-block-uagb-image--effect-static wp-block-uagb-image--align-none\"><figure class=\"wp-block-uagb-image__figure\"><img decoding=\"async\" srcset=\"https:\/\/blog.electronicacidea.com.mx\/blog\/wp-content\/uploads\/2022\/03\/dotted-pattern.png \" sizes=\"auto, (max-width: 480px) 150px\" src=\"https:\/\/blog.electronicacidea.com.mx\/blog\/wp-content\/uploads\/2022\/03\/dotted-pattern.png\" alt=\"\" class=\"uag-image-626\" width=\"342\" height=\"199\" title=\"\" loading=\"lazy\" role=\"img\"\/><\/figure><\/div>\n<\/div>\n\n\n\n<div class=\"wp-block-uagb-container uagb-block-450e0dac\">\n<div class=\"wp-block-uagb-image uagb-block-fe0a2790 wp-block-uagb-image--layout-default wp-block-uagb-image--effect-static wp-block-uagb-image--align-none\"><figure class=\"wp-block-uagb-image__figure\"><img decoding=\"async\" srcset=\"https:\/\/blog.electronicacidea.com.mx\/blog\/wp-content\/uploads\/CIDEA-Electronica-blog-04.webp ,https:\/\/blog.electronicacidea.com.mx\/blog\/wp-content\/uploads\/CIDEA-Electronica-blog-04.webp 780w, https:\/\/blog.electronicacidea.com.mx\/blog\/wp-content\/uploads\/CIDEA-Electronica-blog-04.webp 360w\" sizes=\"auto, (max-width: 480px) 150px\" src=\"https:\/\/blog.electronicacidea.com.mx\/blog\/wp-content\/uploads\/CIDEA-Electronica-blog-04.webp\" alt=\"\" class=\"uag-image-1711\" width=\"803\" height=\"914\" title=\"CIDEA Electro\u0301nica blog-04\" loading=\"lazy\" role=\"img\"\/><\/figure><\/div>\n<\/div>\n<\/div><\/div>\n\n\n\n<div class=\"wp-block-uagb-container uagb-block-85a22d9a alignfull uagb-is-root-container\"><div class=\"uagb-container-inner-blocks-wrap\">\n<div class=\"wp-block-uagb-container uagb-layout-grid uagb-block-94e933d2\">\n<div class=\"wp-block-uagb-advanced-heading uagb-block-907ef098\"><h4 class=\"uagb-heading-text\">Suscribete a nuestro bolet\u00edn y promociones<\/h4><p class=\"uagb-desc-text\">Recibe un cup\u00f3n de hasta 10% de descuento en tu primer comprar en categor\u00edas seleccionadas<\/p><\/div>\n\n\n\n<div class=\"wp-block-uagb-forms uagb-forms__outer-wrap uagb-block-c39a0979 uagb-forms__medium-btn uagb-forms-inline-field uagb-forms-button-desk-width-33 uagb-forms-column-gap-5 uagb-forms-button-tablet-width-40 uagb-forms-button-mobile-width-100 uagb-forms-align-item-flex-center\"><form class=\"uagb-forms-main-form\" method=\"post\" autocomplete=\"on\" name=\"uagb-form-c39a0979\">\n<div class=\"wp-block-uagb-forms-email uagb-forms-email-wrap uagb-forms-field-set uagb-block-5fd45b41 uagb-forms-field-desk-width-60 uagb-forms-field-tablet-width-50 uagb-forms-field-mobile-width-100\"><div class=\"uagb-forms-email-label  uagb-forms-input-label\" id=\"5fd45b41\">Email<\/div><input type=\"email\" class=\"uagb-forms-email-input uagb-forms-input\" placeholder=\"Email address\" name=\"5fd45b41\" autocomplete=\"email\"\/><\/div>\n<div class=\"uagb-forms-form-hidden-data\"><input type=\"hidden\" class=\"uagb_forms_form_label\" value=\"Spectra Form\"\/><input type=\"hidden\" class=\"uagb_forms_form_id\" value=\"uagb-form-c39a0979\"\/><\/div><div class=\"uagb-form-reacaptcha-error-c39a0979\"><\/div><div class=\"uagb-forms-main-submit-button-wrap wp-block-button\"><button class=\"uagb-forms-main-submit-button wp-block-button__link\"><div class=\"uagb-forms-main-submit-button-text\">Subscribe<\/div><\/button><\/div><\/form><div class=\"uagb-forms-success-message-c39a0979 uagb-forms-submit-message-hide\"><span>The form has been submitted successfully!<\/span><\/div><div class=\"uagb-forms-failed-message-c39a0979 uagb-forms-submit-message-hide\"><span>There has been some error while submitting the form. Please verify all form fields again.<\/span><\/div><\/div>\n<\/div>\n<\/div><\/div>\n\n\n\n<div class=\"wp-block-uagb-container uagb-block-498a20b7 alignfull uagb-is-root-container\"><div class=\"uagb-container-inner-blocks-wrap\">\n<div class=\"wp-block-uagb-image aligncenter uagb-block-8c927175 wp-block-uagb-image--layout-default wp-block-uagb-image--effect-static wp-block-uagb-image--align-center\"><figure class=\"wp-block-uagb-image__figure\"><a class=\"\" href=\"https:\/\/electronicacidea.com.mx\/\" target=\"_blank\" rel=\"noreferrer noopener\"><img decoding=\"async\" srcset=\"https:\/\/blog.electronicacidea.com.mx\/blog\/wp-content\/uploads\/CIDEA-WEB_Mesa-de-trabajo-1.webp ,https:\/\/blog.electronicacidea.com.mx\/blog\/wp-content\/uploads\/CIDEA-WEB_Mesa-de-trabajo-1.webp 780w, https:\/\/blog.electronicacidea.com.mx\/blog\/wp-content\/uploads\/CIDEA-WEB_Mesa-de-trabajo-1.webp 360w\" sizes=\"auto, (max-width: 480px) 150px\" src=\"https:\/\/blog.electronicacidea.com.mx\/blog\/wp-content\/uploads\/CIDEA-WEB_Mesa-de-trabajo-1.webp\" alt=\"\" class=\"uag-image-1722\" width=\"900\" height=\"130\" title=\"CIDEA WEB_Mesa de trabajo 1\" loading=\"lazy\" role=\"img\"\/><\/a><\/figure><\/div>\n\n\n\n<div class=\"wp-block-uagb-advanced-heading uagb-block-cb008116\"><h2 class=\"uagb-heading-text\"><strong>Categor\u00edas Populares<\/strong><\/h2><\/div>\n\n\n\n<div class=\"wp-block-uagb-container uagb-layout-grid uagb-block-42ae7250\">\n<div class=\"wp-block-uagb-container uagb-block-88b88264\">\n<div class=\"wp-block-uagb-advanced-heading uagb-block-4b866d44\"><h3 class=\"uagb-heading-text\"><a href=\"https:\/\/blog.electronicacidea.com.mx\/switch-planta-de-soldar-jd03-a1\/\" data-type=\"link\" data-id=\"https:\/\/blog.electronicacidea.com.mx\/switch-planta-de-soldar-jd03-a1\/\">Swicth Planta De Soldar JD03 &#8211; A1<\/a><\/h3><\/div>\n<\/div>\n\n\n\n<div class=\"wp-block-uagb-container uagb-block-1bb2a9b6\">\n<div class=\"wp-block-uagb-advanced-heading uagb-block-038babde\"><h3 class=\"uagb-heading-text\"><a href=\"https:\/\/blog.electronicacidea.com.mx\/blog\/que-son-las-casas-inteligentes\/\">Dom\u00f3tica<\/a><\/h3><\/div>\n<\/div>\n\n\n\n<div class=\"wp-block-uagb-container uagb-block-f0cc38df\">\n<div class=\"wp-block-uagb-advanced-heading uagb-block-410c73e1\"><h3 class=\"uagb-heading-text\"><a href=\"#\">Circuitos<\/a><\/h3><\/div>\n<\/div>\n\n\n\n<div class=\"wp-block-uagb-container uagb-block-44cd9447\">\n<div class=\"wp-block-uagb-advanced-heading uagb-block-4e191728\"><h3 class=\"uagb-heading-text\"><a href=\"https:\/\/blog.electronicacidea.com.mx\/blog\/alambre-magneto\/\">Alambre Magneto<\/a><\/h3><\/div>\n<\/div>\n<\/div>\n\n\n\n<div class=\"wp-block-uagb-buttons uagb-buttons__outer-wrap uagb-btn__default-btn uagb-btn-tablet__default-btn uagb-btn-mobile__default-btn uagb-block-ec2599c4\"><div class=\"uagb-buttons__wrap uagb-buttons-layout-wrap \">\n<div class=\"wp-block-uagb-buttons-child uagb-buttons__outer-wrap uagb-block-36f77ae1 wp-block-button\"><div class=\"uagb-button__wrapper\"><a class=\"uagb-buttons-repeater wp-block-button__link\" aria-label=\"\" href=\"#\" rel=\"follow noopener\" target=\"_self\" role=\"button\"><div class=\"uagb-button__link\">ExplorA TODAS LAS CATEGOR\u00cdAS<\/div><\/a><\/div><\/div>\n<\/div><\/div>\n\n\n\n<div class=\"wp-block-uagb-advanced-heading uagb-block-4206b4b9\"><h3 class=\"uagb-heading-text\">Categor\u00edas M\u00e1s Solicitadas En Nuestra Tienda <\/h3><\/div>\n\n\n\n<div class=\"wp-block-uagb-container uagb-layout-grid uagb-block-f545d2dd\">\n<div class=\"wp-block-uagb-container uagb-block-891fb689\">\n<div class=\"wp-block-uagb-advanced-heading uagb-block-eb1c3caa\"><h4 class=\"uagb-heading-text\">Sensores<\/h4><\/div>\n\n\n\n<div class=\"wp-block-uagb-info-box uagb-block-d16a3e87 uagb-infobox__content-wrap  uagb-infobox-icon-above-title uagb-infobox-image-valign-top wp-block-uagb-info-box--has-margin\"><div class=\"uagb-infobox-margin-wrapper\"><div class=\"uagb-ifb-content\"><div class=\"uagb-ifb-title-wrap\"><h5 class=\"uagb-ifb-title\"><a href=\"#\">Adquiere<\/a> sensores de temperaturas, movimiento, proximidad, etc. <\/h5><\/div><div class=\"uagb-ifb-button-wrapper wp-block-button\"><a href=\"https:\/\/electronicacidea.com.mx\/index.php?route=product\/search&amp;language=es-mx&amp;search=sensores\" class=\"uagb-infobox-cta-link wp-block-button__link\" target=\"_blank\" rel=\"noopener noreferrer\" onclick=\"return true;\"><span class=\"uagb-inline-editing\">ver modelos <\/span><svg xmlns=\"https:\/\/www.w3.org\/2000\/svg\" viewBox=\"0 0 384 512\"><path d=\"M361 215C375.3 223.8 384 239.3 384 256C384 272.7 375.3 288.2 361 296.1L73.03 472.1C58.21 482 39.66 482.4 24.52 473.9C9.377 465.4 0 449.4 0 432V80C0 62.64 9.377 46.63 24.52 38.13C39.66 29.64 58.21 29.99 73.03 39.04L361 215z\"><\/path><\/svg><\/a><\/div><\/div><\/div><\/div>\n<\/div>\n\n\n\n<div class=\"wp-block-uagb-container uagb-block-31970fd4\">\n<div class=\"wp-block-uagb-advanced-heading uagb-block-d7ebc0a5\"><h4 class=\"uagb-heading-text\">Circuito Integrado<\/h4><\/div>\n\n\n\n<div class=\"wp-block-uagb-info-box uagb-block-9911d6a3 uagb-infobox__content-wrap  uagb-infobox-icon-above-title uagb-infobox-image-valign-top wp-block-uagb-info-box--has-margin\"><div class=\"uagb-infobox-margin-wrapper\"><div class=\"uagb-ifb-content\"><div class=\"uagb-ifb-title-wrap\"><h5 class=\"uagb-ifb-title\"><a href=\"#\">Tenemos los circuitos integrados y modelos m\u00e1s buscados<\/a><\/h5><\/div><div class=\"uagb-ifb-button-wrapper wp-block-button\"><a href=\"https:\/\/electronicacidea.com.mx\/index.php?route=product\/search&amp;language=es-mx&amp;search=Circuitos%20\" class=\"uagb-infobox-cta-link wp-block-button__link\" target=\"_blank\" rel=\"noopener noreferrer\" onclick=\"return true;\"><span class=\"uagb-inline-editing\">ver modelos<\/span><svg xmlns=\"https:\/\/www.w3.org\/2000\/svg\" viewBox=\"0 0 384 512\"><path d=\"M361 215C375.3 223.8 384 239.3 384 256C384 272.7 375.3 288.2 361 296.1L73.03 472.1C58.21 482 39.66 482.4 24.52 473.9C9.377 465.4 0 449.4 0 432V80C0 62.64 9.377 46.63 24.52 38.13C39.66 29.64 58.21 29.99 73.03 39.04L361 215z\"><\/path><\/svg><\/a><\/div><\/div><\/div><\/div>\n<\/div>\n\n\n\n<div class=\"wp-block-uagb-container uagb-block-af5914e1\">\n<div class=\"wp-block-uagb-advanced-heading uagb-block-8579fd2b\"><h4 class=\"uagb-heading-text\">Control Motores<\/h4><\/div>\n\n\n\n<div class=\"wp-block-uagb-info-box uagb-block-f7461107 uagb-infobox__content-wrap  uagb-infobox-icon-above-title uagb-infobox-image-valign-top wp-block-uagb-info-box--has-margin\"><div class=\"uagb-infobox-margin-wrapper\"><div class=\"uagb-ifb-content\"><div class=\"uagb-ifb-title-wrap\"><h5 class=\"uagb-ifb-title\"><a href=\"#\">Obt\u00e9n modulo de control de motores o servomotor arduino <\/a><\/h5><\/div><div class=\"uagb-ifb-button-wrapper wp-block-button\"><a href=\"https:\/\/electronicacidea.com.mx\/index.php?route=product\/search&amp;language=es-mx&amp;search=Control%20motores\" class=\"uagb-infobox-cta-link wp-block-button__link\" target=\"_blank\" rel=\"noopener noreferrer\" onclick=\"return true;\"><span class=\"uagb-inline-editing\">ver modelos<\/span><svg xmlns=\"https:\/\/www.w3.org\/2000\/svg\" viewBox=\"0 0 384 512\"><path d=\"M361 215C375.3 223.8 384 239.3 384 256C384 272.7 375.3 288.2 361 296.1L73.03 472.1C58.21 482 39.66 482.4 24.52 473.9C9.377 465.4 0 449.4 0 432V80C0 62.64 9.377 46.63 24.52 38.13C39.66 29.64 58.21 29.99 73.03 39.04L361 215z\"><\/path><\/svg><\/a><\/div><\/div><\/div><\/div>\n<\/div>\n\n\n\n<div class=\"wp-block-uagb-container uagb-block-761cfaef\"><\/div>\n<\/div>\n<\/div><\/div>\n\n\n\n<p><\/p>\n","protected":false},"excerpt":{"rendered":"<p>Suscribete a nuestro bolet\u00edn y promociones Recibe un cup\u00f3n de hasta 10% de descuento en tu primer comprar en categor\u00edas seleccionadas Categor\u00edas Populares Swicth Planta De Soldar JD03 &#8211; A1 Dom\u00f3tica Circuitos Alambre Magneto Categor\u00edas M\u00e1s Solicitadas En Nuestra Tienda Sensores Circuito Integrado Control Motores<\/p>\n","protected":false},"author":1,"featured_media":0,"parent":0,"menu_order":0,"comment_status":"closed","ping_status":"closed","template":"","meta":{"_seopress_robots_primary_cat":"","_seopress_titles_title":"Innovaci\u00f3n en tecnolog\u00eda: consejos y descuentos exclusivos","_seopress_titles_desc":"Descubre las \u00faltimas innovaciones en tecnolog\u00eda y obt\u00e9n un descuento en tu primera compra. \u00a1No te lo pierdas!","_seopress_robots_index":"","_uag_custom_page_level_css":"","site-sidebar-layout":"default","site-content-layout":"plain-container","ast-site-content-layout":"normal-width-container","site-content-style":"unboxed","site-sidebar-style":"unboxed","ast-global-header-display":"","ast-banner-title-visibility":"","ast-main-header-display":"","ast-hfb-above-header-display":"","ast-hfb-below-header-display":"","ast-hfb-mobile-header-display":"","site-post-title":"disabled","ast-breadcrumbs-content":"","ast-featured-img":"","footer-sml-layout":"","theme-transparent-header-meta":"","adv-header-id-meta":"","stick-header-meta":"","header-above-stick-meta":"","header-main-stick-meta":"","header-below-stick-meta":"","astra-migrate-meta-layouts":"set","ast-page-background-enabled":"default","ast-page-background-meta":{"desktop":{"background-color":"","background-image":"","background-repeat":"repeat","background-position":"center center","background-size":"auto","background-attachment":"scroll","background-type":"","background-media":"","overlay-type":"","overlay-color":"","overlay-opacity":"","overlay-gradient":""},"tablet":{"background-color":"","background-image":"","background-repeat":"repeat","background-position":"center center","background-size":"auto","background-attachment":"scroll","background-type":"","background-media":"","overlay-type":"","overlay-color":"","overlay-opacity":"","overlay-gradient":""},"mobile":{"background-color":"","background-image":"","background-repeat":"repeat","background-position":"center center","background-size":"auto","background-attachment":"scroll","background-type":"","background-media":"","overlay-type":"","overlay-color":"","overlay-opacity":"","overlay-gradient":""}},"ast-content-background-meta":{"desktop":{"background-color":"var(--ast-global-color-5)","background-image":"","background-repeat":"repeat","background-position":"center center","background-size":"auto","background-attachment":"scroll","background-type":"","background-media":"","overlay-type":"","overlay-color":"","overlay-opacity":"","overlay-gradient":""},"tablet":{"background-color":"var(--ast-global-color-5)","background-image":"","background-repeat":"repeat","background-position":"center center","background-size":"auto","background-attachment":"scroll","background-type":"","background-media":"","overlay-type":"","overlay-color":"","overlay-opacity":"","overlay-gradient":""},"mobile":{"background-color":"var(--ast-global-color-5)","background-image":"","background-repeat":"repeat","background-position":"center center","background-size":"auto","background-attachment":"scroll","background-type":"","background-media":"","overlay-type":"","overlay-color":"","overlay-opacity":"","overlay-gradient":""}},"footnotes":""},"class_list":["post-776","page","type-page","status-publish","hentry"],"uagb_featured_image_src":{"full":false,"thumbnail":false,"medium":false,"medium_large":false,"large":false,"1536x1536":false,"2048x2048":false},"uagb_author_info":{"display_name":"admin","author_link":"https:\/\/blog.electronicacidea.com.mx\/blog\/author\/cristhianortiz8\/"},"uagb_comment_info":0,"uagb_excerpt":"Suscribete a nuestro bolet\u00edn y promociones Recibe un cup\u00f3n de hasta 10% de descuento en tu primer comprar en categor\u00edas seleccionadas Categor\u00edas Populares Swicth Planta De Soldar JD03 &#8211; A1 Dom\u00f3tica Circuitos Alambre Magneto Categor\u00edas M\u00e1s Solicitadas En Nuestra Tienda Sensores Circuito Integrado Control Motores","_links":{"self":[{"href":"https:\/\/blog.electronicacidea.com.mx\/blog\/wp-json\/wp\/v2\/pages\/776","targetHints":{"allow":["GET"]}}],"collection":[{"href":"https:\/\/blog.electronicacidea.com.mx\/blog\/wp-json\/wp\/v2\/pages"}],"about":[{"href":"https:\/\/blog.electronicacidea.com.mx\/blog\/wp-json\/wp\/v2\/types\/page"}],"author":[{"embeddable":true,"href":"https:\/\/blog.electronicacidea.com.mx\/blog\/wp-json\/wp\/v2\/users\/1"}],"replies":[{"embeddable":true,"href":"https:\/\/blog.electronicacidea.com.mx\/blog\/wp-json\/wp\/v2\/comments?post=776"}],"version-history":[{"count":0,"href":"https:\/\/blog.electronicacidea.com.mx\/blog\/wp-json\/wp\/v2\/pages\/776\/revisions"}],"wp:attachment":[{"href":"https:\/\/blog.electronicacidea.com.mx\/blog\/wp-json\/wp\/v2\/media?parent=776"}],"curies":[{"name":"wp","href":"https:\/\/api.w.org\/{rel}","templated":true}]}}